{"id":9,"date":"2026-02-23T22:59:03","date_gmt":"2026-02-23T21:59:03","guid":{"rendered":"https:\/\/fundacjaskotopaska.pl\/?page_id=9"},"modified":"2026-02-24T23:05:02","modified_gmt":"2026-02-24T22:05:02","slug":"strona-glowna","status":"publish","type":"page","link":"https:\/\/fundacjaskotopaska.pl\/","title":{"rendered":"Strona g\u0142\u00f3wna"},"content":{"rendered":"\n<div style=\"background-image:url(&apos;http:\/\/fundacjaskotopaska.pl\/wp-content\/uploads\/2026\/02\/20220601_082508-scaled-e1771886285992.jpg&apos;);background-size:cover;\" class=\"wp-block-group has-background\"><div class=\"wp-block-group__inner-container is-layout-constrained wp-block-group-is-layout-constrained\">\n<h3 class=\"wp-block-heading\">Rozwijamy wie\u015b. Wspieramy ludzi. Budujemy wsp\u00f3lnot\u0119.<\/h3>\n\n\n\n<div class=\"wp-block-columns is-layout-flex wp-container-core-columns-is-layout-9d6595d7 wp-block-columns-is-layout-flex\">\n<div class=\"wp-block-column is-layout-flow wp-block-column-is-layout-flow\"><\/div>\n\n\n\n<div class=\"wp-block-column is-layout-flow wp-block-column-is-layout-flow\"><\/div>\n<\/div>\n\n\n\n<div class=\"wp-block-columns is-layout-flex wp-container-core-columns-is-layout-9d6595d7 wp-block-columns-is-layout-flex\">\n<div class=\"wp-block-column is-layout-flow wp-block-column-is-layout-flow\">\n<p><\/p>\n\n\n\n<p><\/p>\n<\/div>\n\n\n\n<div class=\"wp-block-column is-layout-flow wp-block-column-is-layout-flow\"><\/div>\n<\/div>\n\n\n\n<div class=\"wp-block-columns is-layout-flex wp-container-core-columns-is-layout-9d6595d7 wp-block-columns-is-layout-flex\">\n<div class=\"wp-block-column is-layout-flow wp-block-column-is-layout-flow\"><\/div>\n\n\n\n<div class=\"wp-block-column is-layout-flow wp-block-column-is-layout-flow\"><\/div>\n\n\n\n<div class=\"wp-block-column is-layout-flow wp-block-column-is-layout-flow\"><\/div>\n<\/div>\n\n\n\n<div class=\"wp-block-columns is-layout-flex wp-container-core-columns-is-layout-9d6595d7 wp-block-columns-is-layout-flex\">\n<div class=\"wp-block-column is-layout-flow wp-block-column-is-layout-flow\">\n<div class=\"wp-block-buttons is-content-justification-center is-layout-flex wp-container-core-buttons-is-layout-16018d1d wp-block-buttons-is-layout-flex\">\n<div class=\"wp-block-button\"><a class=\"wp-block-button__link wp-element-button\">Aktualno\u015bci<\/a><\/div>\n<\/div>\n<\/div>\n\n\n\n<div class=\"wp-block-column is-layout-flow wp-block-column-is-layout-flow\"><\/div>\n\n\n\n<div class=\"wp-block-column is-layout-flow wp-block-column-is-layout-flow\">\n<div class=\"wp-block-buttons is-content-justification-center is-layout-flex wp-container-core-buttons-is-layout-16018d1d wp-block-buttons-is-layout-flex\">\n<div class=\"wp-block-button\"><a class=\"wp-block-button__link wp-element-button\" href=\"https:\/\/fundacjaskotopaska.pl\/?page_id=59\">Poznaj nasze cele<\/a><\/div>\n<\/div>\n<\/div>\n<\/div>\n<\/div><\/div>\n\n\n\n<div class=\"wp-block-buttons is-layout-flex wp-block-buttons-is-layout-flex\"><\/div>\n\n\n\n<div class=\"wp-block-columns is-layout-flex wp-container-core-columns-is-layout-9d6595d7 wp-block-columns-is-layout-flex\">\n<div class=\"wp-block-column is-layout-flow wp-block-column-is-layout-flow\">\n<p>Fundacja powsta\u0142a z potrzeby dzia\u0142ania blisko ludzi i ich codziennych spraw. Jej siedziba mie\u015bci si\u0119 w Darnawie \u2013 miejscu, kt\u00f3re sta\u0142o si\u0119 dla nas punktem wyj\u015bcia do pracy spo\u0142ecznej, edukacyjnej i kulturalnej. To w\u0142a\u015bnie tu, obserwuj\u0105c \u017cycie na wsi, wyzwania i niewykorzystany potencja\u0142 lokalnych spo\u0142eczno\u015bci, zrodzi\u0142a si\u0119 potrzeba tworzenia przestrzeni do wsp\u00f3lnych dzia\u0142a\u0144 i rozwoju.<\/p>\n\n\n\n<div class=\"wp-block-buttons is-layout-flex wp-block-buttons-is-layout-flex\">\n<div class=\"wp-block-button\"><a class=\"wp-block-button__link wp-element-button\" href=\"https:\/\/fundacjaskotopaska.pl\/?page_id=72\">Wi\u0119cej o fundacji<\/a><\/div>\n<\/div>\n<\/div>\n\n\n\n<div class=\"wp-block-column is-layout-flow wp-block-column-is-layout-flow\">\n<figure class=\"wp-block-image size-large\"><img loading=\"lazy\" decoding=\"async\" width=\"1024\" height=\"461\" src=\"http:\/\/fundacjaskotopaska.pl\/wp-content\/uploads\/2026\/02\/pole_baloty_zniwa-1024x461.jpg\" alt=\"\" class=\"wp-image-18\" style=\"aspect-ratio:2.221400363567981\" srcset=\"https:\/\/fundacjaskotopaska.pl\/wp-content\/uploads\/2026\/02\/pole_baloty_zniwa-1024x461.jpg 1024w, https:\/\/fundacjaskotopaska.pl\/wp-content\/uploads\/2026\/02\/pole_baloty_zniwa-300x135.jpg 300w, https:\/\/fundacjaskotopaska.pl\/wp-content\/uploads\/2026\/02\/pole_baloty_zniwa-768x346.jpg 768w, https:\/\/fundacjaskotopaska.pl\/wp-content\/uploads\/2026\/02\/pole_baloty_zniwa-1536x692.jpg 1536w, https:\/\/fundacjaskotopaska.pl\/wp-content\/uploads\/2026\/02\/pole_baloty_zniwa.jpg 2016w\" sizes=\"auto, (max-width: 1024px) 100vw, 1024px\" \/><\/figure>\n<\/div>\n<\/div>\n\n\n\n<div class=\"wp-block-columns is-layout-flex wp-container-core-columns-is-layout-9d6595d7 wp-block-columns-is-layout-flex\">\n<div class=\"wp-block-column is-layout-flow wp-block-column-is-layout-flow\">\n<figure class=\"wp-block-image size-full\"><img loading=\"lazy\" decoding=\"async\" width=\"1024\" height=\"1024\" src=\"http:\/\/fundacjaskotopaska.pl\/wp-content\/uploads\/2026\/02\/ikona_projekty_granty.png\" alt=\"\" class=\"wp-image-26\" srcset=\"https:\/\/fundacjaskotopaska.pl\/wp-content\/uploads\/2026\/02\/ikona_projekty_granty.png 1024w, https:\/\/fundacjaskotopaska.pl\/wp-content\/uploads\/2026\/02\/ikona_projekty_granty-300x300.png 300w, https:\/\/fundacjaskotopaska.pl\/wp-content\/uploads\/2026\/02\/ikona_projekty_granty-150x150.png 150w, https:\/\/fundacjaskotopaska.pl\/wp-content\/uploads\/2026\/02\/ikona_projekty_granty-768x768.png 768w\" sizes=\"auto, (max-width: 1024px) 100vw, 1024px\" \/><\/figure>\n\n\n\n<h2 class=\"wp-block-heading\">Projekty i granty<\/h2>\n\n\n\n<p>Tutaj pojawi si\u0119 kr\u00f3tki opis dotycz\u0105cy projekt\u00f3w i grant\u00f3w<\/p>\n<\/div>\n\n\n\n<div class=\"wp-block-column is-layout-flow wp-block-column-is-layout-flow\">\n<figure class=\"wp-block-image size-full\"><img loading=\"lazy\" decoding=\"async\" width=\"1024\" height=\"1024\" src=\"http:\/\/fundacjaskotopaska.pl\/wp-content\/uploads\/2026\/02\/ikona_aktywizajca_spoleczna.png\" alt=\"\" class=\"wp-image-32\" srcset=\"https:\/\/fundacjaskotopaska.pl\/wp-content\/uploads\/2026\/02\/ikona_aktywizajca_spoleczna.png 1024w, https:\/\/fundacjaskotopaska.pl\/wp-content\/uploads\/2026\/02\/ikona_aktywizajca_spoleczna-300x300.png 300w, https:\/\/fundacjaskotopaska.pl\/wp-content\/uploads\/2026\/02\/ikona_aktywizajca_spoleczna-150x150.png 150w, https:\/\/fundacjaskotopaska.pl\/wp-content\/uploads\/2026\/02\/ikona_aktywizajca_spoleczna-768x768.png 768w\" sizes=\"auto, (max-width: 1024px) 100vw, 1024px\" \/><\/figure>\n\n\n\n<h3 class=\"wp-block-heading\">Aktywizacja spo\u0142eczna<\/h3>\n\n\n\n<p>Fundacja dzia\u0142a na rzecz wzmacniania aktywno\u015bci spo\u0142ecznej mieszka\u0144c\u00f3w, w szczeg\u00f3lno\u015bci na obszarach wiejskich. Poprzez inicjowanie lokalnych partnerstw, organizacj\u0119 wydarze\u0144 integracyjnych oraz wspieranie oddolnych inicjatyw, Fundacja sprzyja budowaniu silnych i zaanga\u017cowanych spo\u0142eczno\u015bci lokalnych. Istotnym elementem tych dzia\u0142a\u0144 jest tak\u017ce promocja wolontariatu i wsp\u00f3\u0142pracy mi\u0119dzysektorowej.<\/p>\n<\/div>\n\n\n\n<div class=\"wp-block-column is-layout-flow wp-block-column-is-layout-flow\">\n<figure class=\"wp-block-image size-full\"><img loading=\"lazy\" decoding=\"async\" width=\"1024\" height=\"1024\" src=\"http:\/\/fundacjaskotopaska.pl\/wp-content\/uploads\/2026\/02\/ikona_edukacja_rozwoj.png\" alt=\"\" class=\"wp-image-25\" srcset=\"https:\/\/fundacjaskotopaska.pl\/wp-content\/uploads\/2026\/02\/ikona_edukacja_rozwoj.png 1024w, https:\/\/fundacjaskotopaska.pl\/wp-content\/uploads\/2026\/02\/ikona_edukacja_rozwoj-300x300.png 300w, https:\/\/fundacjaskotopaska.pl\/wp-content\/uploads\/2026\/02\/ikona_edukacja_rozwoj-150x150.png 150w, https:\/\/fundacjaskotopaska.pl\/wp-content\/uploads\/2026\/02\/ikona_edukacja_rozwoj-768x768.png 768w\" sizes=\"auto, (max-width: 1024px) 100vw, 1024px\" \/><\/figure>\n\n\n\n<h3 class=\"wp-block-heading\">Edukacja i rozw\u00f3j<\/h3>\n\n\n\n<p>Fundacja prowadzi dzia\u0142ania edukacyjne i rozwojowe, obejmuj\u0105ce m.in. warsztaty, szkolenia, wyk\u0142ady oraz dzia\u0142ania informacyjne. Szczeg\u00f3lny nacisk k\u0142adzie na edukacj\u0119 kulturaln\u0105, prozdrowotn\u0105, ekologiczn\u0105 oraz wspieranie prawid\u0142owego rozwoju dzieci i m\u0142odzie\u017cy. Poprzez r\u00f3\u017cnorodne formy nauki i animacji Fundacja wspiera rozw\u00f3j kompetencji spo\u0142ecznych, zawodowych i obywatelskich.<\/p>\n<\/div>\n<\/div>\n\n\n\n<div class=\"wp-block-buttons alignwide is-content-justification-center is-layout-flex wp-container-core-buttons-is-layout-16018d1d wp-block-buttons-is-layout-flex\">\n<div class=\"wp-block-button\"><a class=\"wp-block-button__link wp-element-button\" href=\"https:\/\/fundacjaskotopaska.pl\/?page_id=78\">Sprawd\u017a nasze aktualne dzia\u0142ania<\/a><\/div>\n<\/div>\n","protected":false},"excerpt":{"rendered":"<p>Rozwijamy wie\u015b. Wspieramy ludzi. Budujemy wsp\u00f3lnot\u0119. Fundacja powsta\u0142a z potrzeby dzia\u0142ania blisko ludzi i ich codziennych spraw. Jej siedziba mie\u015bci si\u0119 w Darnawie \u2013 miejscu, kt\u00f3re sta\u0142o si\u0119 dla nas punktem wyj\u015bcia do pracy spo\u0142ecznej, edukacyjnej i kulturalnej. To w\u0142a\u015bnie tu, obserwuj\u0105c \u017cycie na wsi, wyzwania i niewykorzystany potencja\u0142 lokalnych spo\u0142eczno\u015bci, zrodzi\u0142a si\u0119 potrzeba tworzenia&#8230;<\/p>\n","protected":false},"author":1,"featured_media":0,"parent":0,"menu_order":0,"comment_status":"closed","ping_status":"closed","template":"","meta":{"_kad_post_transparent":"","_kad_post_title":"","_kad_post_layout":"normal","_kad_post_sidebar_id":"","_kad_post_content_style":"","_kad_post_vertical_padding":"","_kad_post_feature":"","_kad_post_feature_position":"","_kad_post_header":false,"_kad_post_footer":false,"_kad_post_classname":"","footnotes":""},"class_list":["post-9","page","type-page","status-publish","hentry"],"_links":{"self":[{"href":"https:\/\/fundacjaskotopaska.pl\/index.php?rest_route=\/wp\/v2\/pages\/9","targetHints":{"allow":["GET"]}}],"collection":[{"href":"https:\/\/fundacjaskotopaska.pl\/index.php?rest_route=\/wp\/v2\/pages"}],"about":[{"href":"https:\/\/fundacjaskotopaska.pl\/index.php?rest_route=\/wp\/v2\/types\/page"}],"author":[{"embeddable":true,"href":"https:\/\/fundacjaskotopaska.pl\/index.php?rest_route=\/wp\/v2\/users\/1"}],"replies":[{"embeddable":true,"href":"https:\/\/fundacjaskotopaska.pl\/index.php?rest_route=%2Fwp%2Fv2%2Fcomments&post=9"}],"version-history":[{"count":36,"href":"https:\/\/fundacjaskotopaska.pl\/index.php?rest_route=\/wp\/v2\/pages\/9\/revisions"}],"predecessor-version":[{"id":86,"href":"https:\/\/fundacjaskotopaska.pl\/index.php?rest_route=\/wp\/v2\/pages\/9\/revisions\/86"}],"wp:attachment":[{"href":"https:\/\/fundacjaskotopaska.pl\/index.php?rest_route=%2Fwp%2Fv2%2Fmedia&parent=9"}],"curies":[{"name":"wp","href":"https:\/\/api.w.org\/{rel}","templated":true}]}}